{"id":3391,"date":"2021-07-22T14:28:34","date_gmt":"2021-07-22T18:28:34","guid":{"rendered":"https:\/\/www.hendersoncountypublicschoolsnc.org\/frm\/?page_id=3391"},"modified":"2021-08-11T11:28:23","modified_gmt":"2021-08-11T15:28:23","slug":"back-to-school-information-2021-2022","status":"publish","type":"page","link":"https:\/\/www.hendersoncountypublicschoolsnc.org\/frm\/back-to-school-information-2021-2022\/","title":{"rendered":"Back to School Information 2021-2022"},"content":{"rendered":"<h1 style=\"text-align: center;\">FRMS Back to School Information<\/h1>\n<h2 style=\"text-align: center;\">2021-2022<\/h2>\n<h5 style=\"text-align: center;\"><a href=\"https:\/\/www.hendersoncountypublicschoolsnc.org\/frm\/spanish-back-to-school-information-2021-2022\/\">Haga clic aqu\u00ed para obtener esta informaci\u00f3n en espa\u00f1ol.<\/a><a href=\"https:\/\/www.hendersoncountypublicschoolsnc.org\/frm\/files\/2021\/07\/philadelphia-eagles-logo.png\"><br \/>\n<img loading=\"lazy\" decoding=\"async\" class=\"wp-image-3270 aligncenter\" src=\"https:\/\/www.hendersoncountypublicschoolsnc.org\/frm\/files\/2021\/07\/philadelphia-eagles-logo-300x225.png\" alt=\"Flat Rock Eagle Logo\" width=\"215\" height=\"162\" \/><\/a>We are excited to start a new school year!<\/h5>\n<p>&nbsp;<\/p>\n<h3 style=\"text-align: center;\">FRMS Mission<\/h3>\n<p>Flat Rock Middle School values everyone and pursues the highest success for all.\u00a0 We are here to help each person learn and grow through their failures and successes.<\/p>\n<h3 style=\"text-align: center;\">FRMS Vision<\/h3>\n<h4 style=\"text-align: center;\">We value everyone.<\/h4>\n<p>As a result of this commitment\u2026<\/p>\n<ul>\n<li>We build positive relationships with students, parents, our community and each other.<\/li>\n<li>We provide a safe environment that is conducive to student learning.<\/li>\n<li>We are proactive and persistent in addressing the learning needs of all students.<\/li>\n<li>We work collaboratively in order to ensure the success of all students.<\/li>\n<\/ul>\n<p>&nbsp;<\/p>\n<h2>6th Grade Orientation<\/h2>\n<p>6th Grade Orientation will be held on <strong>Friday, August 13th from 8:00-12:00<\/strong>.<\/p>\n<ul>\n<li>6th-grade students may be dropped off beginning at 7:30 at the front entrance of the school.<\/li>\n<li>Snacks will be provided.<\/li>\n<li>Parents should plan to come to the gymnasium at 11:30-12:00 for a Parent Meeting.<\/li>\n<li>Students will be dismissed to the gym to leave with their parents at the conclusion of the parent meeting.<\/li>\n<li>Orientation will include the following:\n<ul>\n<li>FRMS student mentors<\/li>\n<li>School tour<\/li>\n<li>Band and strings information<\/li>\n<li>Schedules and teacher expectations<\/li>\n<li>Combination lock practice<\/li>\n<li>Information about athletics and extracurricular activities<\/li>\n<li>Bus information<\/li>\n<\/ul>\n<\/li>\n<\/ul>\n<p>**Per the Board of Education vote on August 9th, face coverings WILL be required indoors for all students, staff, and visitors at our 6th Grade Orientation on Friday, August 13th and for all days that students are scheduled for instruction. Thank you in advance for your understanding and cooperation!<\/p>\n<p>****If your child is a 7th or 8th grader that is new to Flat Rock, feel free to bring them by the school the week of August 16-20 and we will give them a tour and other information.<\/p>\n<p>&nbsp;<\/p>\n<h2>8th Grade Mentor Training Day<\/h2>\n<ul>\n<li>Required for all new 8th grade mentors.<\/li>\n<li>Thursday, August 12th<\/li>\n<li>Parents, please drop off student mentors at 8:30 and pick up at 3:00.<\/li>\n<li>Lunch and snacks will be provided for them on this day.<\/li>\n<\/ul>\n<p>&nbsp;<\/p>\n<h2>Flat Rock Athletics<\/h2>\n<p>All student-athletes must complete and submit a North Carolina High School Athletics Association (NCHSAA) preparticipation examination form and register in Family ID.<\/p>\n<p>Enter the code <strong>55yk2sf<\/strong> to join the Flat Rock Athletics Google Classroom.<\/p>\n<p>Click <a href=\"https:\/\/docs.google.com\/document\/d\/100864PQKIzK0-C2CGJ5o9Qei-yqLJ0wYH18geRjkN7s\/edit?usp=sharing\">here<\/a> for an NCHSAA pre-participation examination form<\/p>\n<p>Click <a href=\"https:\/\/docs.google.com\/document\/d\/1h5DkqXO0XJozjdwitXmoUL4rEYfOQ7RbWMZhT42gT1M\/edit?usp=sharing\">here<\/a> for instructions on registering in Family ID.<\/p>\n<p>Haga clic <a href=\"https:\/\/docs.google.com\/document\/d\/18o6bFm2DWcX2E2DAWvLyKKwW-Y4WrXNkoHh9vag6xZM\/edit?usp=sharing\">aqu\u00ed<\/a> para obtener instrucciones para registrarse en Family ID<\/p>\n<p>&nbsp;<\/p>\n<h2>School Supplies and Student Fees<\/h2>\n<p>Click the link below to access our School Supply Lists and details about Student Fees.\u00a0 This can also be found on our school website.<\/p>\n<h4 style=\"text-align: center;\"><a href=\"https:\/\/bit.ly\/FRMSSupplies21-22\"><strong>https:\/\/bit.ly\/FRMSSupplies21-22<\/strong><\/a><\/h4>\n<p>&nbsp;<\/p>\n<h2>2021-2022 Student Conduct Expectations<\/h2>\n<p>Click the links below to access expectations for students:<\/p>\n<h4 style=\"text-align: center;\"><a href=\"https:\/\/drive.google.com\/file\/d\/1M9dQtMmuM0U2P_ZLlXMMJ6t7N3HDE2oY\/view?usp=sharing\">FRMS Student Handbook 2021-2022<\/a><\/h4>\n<h4 style=\"text-align: center;\"><a href=\"https:\/\/www.hendersoncountypublicschoolsnc.org\/administrative-services\/student-code-of-conduct\/\">HCPS Student Code of Conduct<\/a><\/h4>\n<p>&nbsp;<\/p>\n<h2>Cafeteria and Meal Information<\/h2>\n<p>Please complete the Free and Reduced Meal Benefit application for your child(ren) even if you are unsure of your eligibility or need.\u00a0 The application can be completed online at <a href=\"https:\/\/www.lunchapplication.com\/\"><strong>https:\/\/www.lunchapplication.com\/<\/strong><\/a>.\u00a0 Completing this application provides important data that is tied to school funding, so it is critical that every family completes an application.<\/p>\n<ul>\n<li><a href=\"https:\/\/www.schoolnutritionandfitness.com\/schools\/1534551653073\/mealapps\/Parent_Information_for_Free_and_Reduced_Meal_benefit_Application.pdf\">Parent Information for Free and Reduced Meal benefit Application<\/a><\/li>\n<li><a href=\"https:\/\/www.schoolnutritionandfitness.com\/schools\/1534551653073\/mealapps\/Preguntas_Frecuentes_Acerca_de_Alimentos_Escolares_Gratuitos_y_a_Precios_Reducidos.pdf\">Preguntas Frecuentes Acerca de Alimentos Escolares Gratuitos y a Precios Reducidos<\/a><\/li>\n<\/ul>\n<p>For this school year, the US Department of Agriculture extended nutrition waivers allowing school systems to offer meals at no cost to students through June 2022.<\/p>\n<p>&nbsp;<\/p>\n<h2>New School Administrators<\/h2>\n<h3><a href=\"https:\/\/www.hendersoncountypublicschoolsnc.org\/frm\/files\/2021\/07\/6169324554.jpg\"><img loading=\"lazy\" decoding=\"async\" class=\" wp-image-3426 alignleft\" src=\"https:\/\/www.hendersoncountypublicschoolsnc.org\/frm\/files\/2021\/07\/6169324554.jpg\" alt=\"Photo of Matthew Haney\" width=\"73\" height=\"110\" \/><\/a>Mr. Matthew Haney, Principal<\/h3>\n<p>Mr. Haney comes to us from Etowah Elementary where he was principal for the past 5 years.\u00a0 Prior to that, he served as Assistant Principal from 2015-2017.\u00a0 He lives in Fletcher with his wife who teaches at Fletcher Elementary, and their daughter, Victoria.<\/p>\n<h3><a href=\"https:\/\/www.hendersoncountypublicschoolsnc.org\/frm\/files\/2021\/07\/235497.jpg\"><img loading=\"lazy\" decoding=\"async\" class=\" wp-image-3427 alignleft\" src=\"https:\/\/www.hendersoncountypublicschoolsnc.org\/frm\/files\/2021\/07\/235497.jpg\" alt=\"Photo of Amber Brown\" width=\"74\" height=\"112\" \/><\/a>Mrs. Amber B. Brown, Assistant Principal<\/h3>\n<p>Mrs. Brown started her career at Dana Elementary where she taught for 6 years.\u00a0 She then became an instructional coach and then moved to be the Assistant Principal at Fletcher Elementary from 2016 until now.\u00a0 Mrs. Brown attended Flat Rock as a student and has lived in this community for her entire life.\u00a0 She currently lives in Tuxedo with her husband who teaches at Dana Elementary.<\/p>\n<h3><a href=\"https:\/\/www.hendersoncountypublicschoolsnc.org\/frm\/files\/2021\/07\/234663.jpg\"><img loading=\"lazy\" decoding=\"async\" class=\" wp-image-3428 alignleft\" src=\"https:\/\/www.hendersoncountypublicschoolsnc.org\/frm\/files\/2021\/07\/234663.jpg\" alt=\"Photo of Dane Lancaster\" width=\"73\" height=\"110\" \/><\/a>Mr. Dane Lancaster, Assistant Principal<\/h3>\n<p>Mr. Lancaster has worked at Flat Rock since 2009 serving as the testing coordinator, In-School Suspension Coordinator, and teaching a Business and Marketing class.\u00a0 Mr. Lancaster attended Flat Rock when the mascot was a Wolverine!\u00a0 He currently lives in Flat Rock with his wife who works at Dana Elementary.<\/p>\n<p>&nbsp;<\/p>\n<h5>If you have questions, please contact one of our administrators by calling the front office at (828) 697-4775, or click below to email them.<\/h5>\n<ul>\n<li>\n<h5><a href=\"https:\/\/www.hendersoncountypublicschoolsnc.org\/frm\/staff-directory\/?content=view_profile&amp;uid=2107&amp;guid=114664890127222659522&amp;view=email\">Mr. Matthew Haney<\/a><\/h5>\n<\/li>\n<li>\n<h5><a href=\"https:\/\/www.hendersoncountypublicschoolsnc.org\/frm\/staff-directory\/?content=view_profile&amp;uid=11&amp;guid=117852864285032702394&amp;view=email\">Mrs. Amber B. Brown<\/a><\/h5>\n<\/li>\n<li>\n<h5><a href=\"https:\/\/www.hendersoncountypublicschoolsnc.org\/frm\/staff-directory\/?content=view_profile&amp;uid=658&amp;guid=113825550804656607009&amp;view=email\">Mr. Dane Lancaster<\/a><\/h5>\n<\/li>\n<\/ul>\n<p>&nbsp;<\/p>\n<p>&nbsp;<\/p>\n","protected":false},"excerpt":{"rendered":"<p>FRMS Back to School Information 2021-2022 Haga clic aqu\u00ed para obtener esta informaci\u00f3n en espa\u00f1ol. We are excited to start a new school year! &nbsp; FRMS Mission Flat Rock Middle School values everyone and pursues the highest success for all.\u00a0 We are here to help each person learn and grow through their failures and successes. [&hellip;]<\/p>\n","protected":false},"author":295,"featured_media":0,"parent":0,"menu_order":0,"comment_status":"closed","ping_status":"closed","template":"","meta":{"_acf_changed":false,"footnotes":""},"class_list":["post-3391","page","type-page","status-publish","hentry"],"acf":[],"_links":{"self":[{"href":"https:\/\/www.hendersoncountypublicschoolsnc.org\/frm\/wp-json\/wp\/v2\/pages\/3391","targetHints":{"allow":["GET"]}}],"collection":[{"href":"https:\/\/www.hendersoncountypublicschoolsnc.org\/frm\/wp-json\/wp\/v2\/pages"}],"about":[{"href":"https:\/\/www.hendersoncountypublicschoolsnc.org\/frm\/wp-json\/wp\/v2\/types\/page"}],"author":[{"embeddable":true,"href":"https:\/\/www.hendersoncountypublicschoolsnc.org\/frm\/wp-json\/wp\/v2\/users\/295"}],"replies":[{"embeddable":true,"href":"https:\/\/www.hendersoncountypublicschoolsnc.org\/frm\/wp-json\/wp\/v2\/comments?post=3391"}],"version-history":[{"count":1,"href":"https:\/\/www.hendersoncountypublicschoolsnc.org\/frm\/wp-json\/wp\/v2\/pages\/3391\/revisions"}],"predecessor-version":[{"id":4049,"href":"https:\/\/www.hendersoncountypublicschoolsnc.org\/frm\/wp-json\/wp\/v2\/pages\/3391\/revisions\/4049"}],"wp:attachment":[{"href":"https:\/\/www.hendersoncountypublicschoolsnc.org\/frm\/wp-json\/wp\/v2\/media?parent=3391"}],"curies":[{"name":"wp","href":"https:\/\/api.w.org\/{rel}","templated":true}]}}