{"id":6,"date":"2011-02-14T01:10:34","date_gmt":"2011-02-14T06:10:34","guid":{"rendered":"https:\/\/www.hendersoncountypublicschoolsnc.org\/esl-migrant\/"},"modified":"2024-02-13T10:13:07","modified_gmt":"2024-02-13T15:13:07","slug":"version-en-espanol","status":"publish","type":"page","link":"https:\/\/www.hendersoncountypublicschoolsnc.org\/esl-migrant\/version-en-espanol\/","title":{"rendered":"Version en Espa\u00f1ol"},"content":{"rendered":"<h2><span style=\"font-weight: bold;\">Descripci\u00f3n del Programa<\/span><\/h2>\n<p>Las Escuelas Publicas del Condado de Henderson (HCPS) luchan por dar instrucci\u00f3n de calidad a todos los estudiantes en el distrito. La raz\u00f3n del programa de Ingles como Segundo Lenguaje es para proporcionar instrucci\u00f3n del lenguaje Ingles a personas que no son nativos al idioma de ingles con proficiencia limitada (LEP). El n\u00famero de los estudiantes aprendiendo el Ingles ha crecido tremendamente durante los \u00faltimos a\u00f1os.\u00a0Para asegurarse que se esta sirviendo de manera efectiva a estos estudiantes, el Sistema Escolar del Condado de Henderson ha reclutado a maestros de Ingles como Segundo Lenguaje (ESL) altamente capacitados.\u00a0Adicionalmente, el distrito, ha apoyado un n\u00famero de iniciativas para ayudar en obtener las necesidades socioecon\u00f3micas y culturales de esta populaci\u00f3n.<\/p>\n<h2>Declaraci\u00f3n de Misi\u00f3n<\/h2>\n<p>El programa de Ingles como Segundo Lenguaje busca en hacer a HCPS un ambiente invitador para aprendedores de Ingles y sus familias. El programa se esfuerza para proporcionar instrucci\u00f3n de calidad y desafiadora para todos los estudiantes que promueve el logro acad\u00e9mico mientras apoyando el desarrollo del lenguaje de Ingles. El programa anima el mantenimiento de los lenguajes nativos y su cultura mientras que fortalecen y enriquecen sus comunidades de aprendizaje.<\/p>\n<p style=\"text-align: center;\"><a href=\"https:\/\/www.hendersoncountypublicschoolsnc.org\/esl-migrant\/version-en-espanol\/informacion-del-departmento\/\">Informacion del Departamento<\/a><br \/>\n<a href=\"https:\/\/www.hendersoncountypublicschoolsnc.org\/esl-migrant\/version-en-espanol\/noticias\/\">Noticias<\/a><br \/>\n<a href=\"https:\/\/www.hendersoncountypublicschoolsnc.org\/esl-migrant\/version-en-espanol\/programa-de-educacion-para-migrantes\/\">Programa de Educacion para Migrantes<\/a><\/p>\n","protected":false},"excerpt":{"rendered":"<p>Descripci\u00f3n del Programa Las Escuelas Publicas del Condado de Henderson (HCPS) luchan por dar instrucci\u00f3n de calidad a todos los estudiantes en el distrito. La raz\u00f3n del programa de Ingles como Segundo Lenguaje es para proporcionar instrucci\u00f3n del lenguaje Ingles a personas que no son nativos al idioma de ingles con proficiencia limitada (LEP). El [&hellip;]<\/p>\n","protected":false},"author":5,"featured_media":0,"parent":0,"menu_order":0,"comment_status":"closed","ping_status":"closed","template":"","meta":{"_acf_changed":false,"footnotes":""},"class_list":["post-6","page","type-page","status-publish","hentry"],"acf":[],"_links":{"self":[{"href":"https:\/\/www.hendersoncountypublicschoolsnc.org\/esl-migrant\/wp-json\/wp\/v2\/pages\/6","targetHints":{"allow":["GET"]}}],"collection":[{"href":"https:\/\/www.hendersoncountypublicschoolsnc.org\/esl-migrant\/wp-json\/wp\/v2\/pages"}],"about":[{"href":"https:\/\/www.hendersoncountypublicschoolsnc.org\/esl-migrant\/wp-json\/wp\/v2\/types\/page"}],"author":[{"embeddable":true,"href":"https:\/\/www.hendersoncountypublicschoolsnc.org\/esl-migrant\/wp-json\/wp\/v2\/users\/5"}],"replies":[{"embeddable":true,"href":"https:\/\/www.hendersoncountypublicschoolsnc.org\/esl-migrant\/wp-json\/wp\/v2\/comments?post=6"}],"version-history":[{"count":2,"href":"https:\/\/www.hendersoncountypublicschoolsnc.org\/esl-migrant\/wp-json\/wp\/v2\/pages\/6\/revisions"}],"predecessor-version":[{"id":870,"href":"https:\/\/www.hendersoncountypublicschoolsnc.org\/esl-migrant\/wp-json\/wp\/v2\/pages\/6\/revisions\/870"}],"wp:attachment":[{"href":"https:\/\/www.hendersoncountypublicschoolsnc.org\/esl-migrant\/wp-json\/wp\/v2\/media?parent=6"}],"curies":[{"name":"wp","href":"https:\/\/api.w.org\/{rel}","templated":true}]}}